ivisor of 42 and 44226?
42
Calculate the greatest common factor of 3 and 103.
1
Calculate the highest common divisor of 39 and 13.
13
Calculate the highest common divisor of 78 and 663.
39
What is the greatest common factor of 6728 and 8?
8
What is the greatest common divisor of 99 and 10417?
11
What is the greatest common divisor of 30 and 585?
15
Calculate the highest common factor of 625 and 15.
5
What is the greatest common divisor of 8 and 7?
1
What is the highest common factor of 1755 and 715?
65
What is the greatest common factor of 14147 and 215?
43
Calculate the greatest common divisor of 140 and 6965.
35
Calculate the highest common divisor of 299 and 989.
23
Calculate the greatest common factor of 14 and 338.
2
What is the highest common divisor of 651 and 41881?
217
What is the highest common factor of 77 and 2464?
77
Calculate the greatest common divisor of 188 and 517.
47
What is the greatest common factor of 38 and 13262?
38
What is the highest common factor of 30 and 90?
30
What is the greatest common divisor of 151 and 8909?
151
What is the greatest common factor of 5249 and 116?
29
Calculate the highest common divisor of 3400 and 140.
20
Calculate the highest common divisor of 1053 and 156.
39
Calculate the greatest common divisor of 836 and 5548.
76
Calculate the greatest common factor of 1068 and 66.
6
What is the highest common factor of 2046 and 33?
33
Calculate the highest common divisor of 35 and 518.
7
What is the highest common divisor of 737 and 11?
11
Calculate the greatest common factor of 124 and 31.
31
What is the greatest common factor of 78 and 66?
6
What is the greatest common divisor of 8 and 24?
8
What is the highest common factor of 1080 and 396?
36
Calculate the greatest common factor of 98 and 4.
2
Calculate the highest common factor of 667 and 87.
29
Calculate the highest common divisor of 441 and 6811.
49
What is the greatest common divisor of 2028 and 156?
156
Calculate the highest common factor of 252 and 144.
36
What is the highest common divisor of 171 and 18?
9
Calculate the highest common factor of 2635 and 170.
85
Calculate the highest common divisor of 1820 and 56.
28
Calculate the highest common factor of 125 and 46625.
125
Calculate the highest common factor of 213 and 852.
213
Calculate the highest common factor of 2031 and 3.
3
What is the highest common factor of 3440 and 32?
16
What is the greatest common factor of 93 and 1023?
93
What is the greatest common factor of 13 and 377?
13
What is the highest common factor of 44 and 836?
44
What is the highest common factor of 65 and 533?
13
Calculate the highest common factor of 511 and 35.
7
What is the greatest common divisor of 154 and 196?
14
Calculate the highest common factor of 248 and 12276.
124
Calculate the highest common divisor of 12 and 972.
12
Calculate the greatest common factor of 150 and 18.
6
What is the greatest common divisor of 275 and 44?
11
What is the highest common divisor of 13 and 3991?
13
What is the highest common divisor of 28 and 37814?
14
What is the greatest common factor of 1 and 347?
1
Calculate the highest common factor of 32 and 40.
8
What is the highest common divisor of 9 and 2313?
9
Calculate the greatest common factor of 22 and 4499.
11
Calculate the greatest common factor of 144 and 6312.
24
Calculate the greatest common divisor of 48 and 732.
12
Calculate the highest common factor of 43 and 15136.
43
What is the greatest common factor of 25 and 40?
5
What is the greatest common factor of 312 and 39?
39
What is the greatest common divisor of 22 and 88?
22
Calculate the highest common divisor of 84 and 47964.
84
What is the highest common factor of 27 and 216?
27
Calculate the greatest common divisor of 7463 and 439.
439
Calculate the highest common divisor of 964 and 6507.
241
Calculate the highest common factor of 792 and 495.
99
Calculate the highest common factor of 8199 and 9.
9
Calculate the highest common factor of 416 and 13.
13
What is the greatest common factor of 175 and 21?
7
What is the highest common factor of 378 and 70?
14
What is the highest common factor of 127 and 1?
1
Calculate the highest common divisor of 30 and 1590.
30
Calculate the greatest common factor of 54 and 1053.
27
Calculate the highest common factor of 24 and 104.
8
What is the highest common factor of 105 and 225?
15
What is the greatest common factor of 15 and 125?
5
What is the highest common factor of 228 and 4068?
12
What is the greatest common factor of 24 and 8916?
12
Calculate the highest common divisor of 115 and 2.
1
What is the highest common divisor of 1083 and 57?
57
Calculate the greatest common divisor of 7227 and 22.
11
What is the greatest common factor of 4 and 4?
4
Calculate the highest common factor of 60 and 48.
12
Calculate the greatest common divisor of 54 and 198.
18
What is the greatest common divisor of 9 and 144?
9
What is the greatest common factor of 17 and 833?
17
What is the highest common divisor of 22 and 33352?
22
Calculate the greatest common divisor of 3824 and 112.
16
Calculate the greatest common factor of 209 and 6992.
19
Calculate the highest common divisor of 24 and 1656.
24
Calculate the highest common divisor of 87 and 36366.
87
What is the greatest common divisor of 119 and 21777?
119
What is the highest common factor of 90 and 6705?
45
Calculate the highest common factor of 7375 and 413.
59
Calculate the greatest common factor of 344 and 24.
8
What is the greatest common factor of 6892 and 20?
4
What is the highest common factor of 2910 and 30?
30
Calculate the greatest common factor of 126 and 36078.
42
Calculate the highest common divisor of 826 and 1298.
118
What is the highest common factor of 133 and 703?
19
Calculate the highest common divisor of 50 and 620.
10
Calculate the greatest common factor of 1034 and 66.
22
What is the highest common divisor of 284 and 52?
4
Calculate the greatest common divisor of 265 and 53.
53
Calculate the greatest common divisor of 175 and 119.
7
What is the highest common factor of 164 and 12?
4
Calculate the highest common divisor of 2054 and 52.
26
Calculate the greatest common divisor of 34 and 68.
34
What is the highest common divisor of 616 and 336?
56
What is the greatest common factor of 3276 and 288?
36
What is the greatest common factor of 1694 and 56?
14
Calculate the greatest common factor of 150 and 32600.
50
Calculate the greatest common divisor of 6169 and 995.
199
What is the highest common divisor of 8606 and 65?
13
Calculate the highest common factor of 30 and 390.
30
Calculate the highest common factor of 1212 and 12.
12
What is the highest common factor of 201 and 3551?
67
What is the greatest common divisor of 1110 and 66?
6
What is the highest common factor of 396 and 1656?
36
What is the highest common divisor of 19 and 9?
1
Calculate the highest common divisor of 17991 and 18.
9
Calculate the greatest common factor of 43 and 1.
1
What is the highest common factor of 48 and 17872?
16
Calculate the highest common divisor of 190 and 12464.
38
Calculate the highest common divisor of 90 and 7170.
30
What is the greatest common divisor of 1647 and 427?
61
Calculate the greatest common divisor of 38 and 2584.
38
Calculate the highest common divisor of 21 and 1022.
7
What is the highest common divisor of 73 and 146?
73
What is the greatest common divisor of 2241 and 54?
27
What is the greatest common divisor of 111 and 888?
111
What is the greatest common divisor of 130 and 970?
10
What is the highest common factor of 960 and 3520?
320
What is the highest common divisor of 374 and 3806?
22
What is the highest common divisor of 707 and 2727?
101
What is the highest common divisor of 30 and 1440?
30
Calculate the highest common factor of 1440 and 3780.
180
Calculate the highest common divisor of 12327 and 21.
21
What is the greatest common divisor of 2961 and 504?
63
Calculate the greatest common factor of 20185 and 55.
55
Calculate the highest common factor of 86 and 344.
86
Calculate the greatest common factor of 56 and 112.
56
Calculate the highest common factor of 147 and 273.
21
Calculate the highest common factor of 85 and 5.
5
Calculate the greatest common divisor of 168 and 280.
56
Calculate the highest common fact